{"id":80,"date":"2025-01-24T11:16:46","date_gmt":"2025-01-24T11:16:46","guid":{"rendered":"https:\/\/schmidt-strassenbau.de\/?page_id=80"},"modified":"2025-01-26T00:12:11","modified_gmt":"2025-01-26T00:12:11","slug":"kontakt","status":"publish","type":"page","link":"https:\/\/schmidt-strassenbau.de\/?page_id=80","title":{"rendered":"Kontakt"},"content":{"rendered":"\t\t<div data-elementor-type=\"wp-page\" data-elementor-id=\"80\" class=\"elementor elementor-80\" data-elementor-post-type=\"page\">\n\t\t\t\t<div class=\"elementor-element elementor-element-07dbfd4 e-flex e-con-boxed e-con e-parent\" data-id=\"07dbfd4\" data-element_type=\"container\" data-e-type=\"container\" data-settings=\"{&quot;background_background&quot;:&quot;classic&quot;}\">\n\t\t\t\t\t<div class=\"e-con-inner\">\n\t\t<div class=\"elementor-element elementor-element-13d13fac e-con-full e-flex e-con e-child\" data-id=\"13d13fac\" data-element_type=\"container\" data-e-type=\"container\">\n\t\t\t\t<div class=\"elementor-element elementor-element-d505ccc elementor-widget elementor-widget-spacer\" data-id=\"d505ccc\" data-element_type=\"widget\" data-e-type=\"widget\" data-widget_type=\"spacer.default\">\n\t\t\t\t<div class=\"elementor-widget-container\">\n\t\t\t\t\t\t\t<div class=\"elementor-spacer\">\n\t\t\t<div class=\"elementor-spacer-inner\"><\/div>\n\t\t<\/div>\n\t\t\t\t\t\t<\/div>\n\t\t\t\t<\/div>\n\t\t\t\t<\/div>\n\t\t<div class=\"elementor-element elementor-element-0953f21 e-con-full e-flex e-con e-child\" data-id=\"0953f21\" data-element_type=\"container\" data-e-type=\"container\" data-settings=\"{&quot;background_background&quot;:&quot;classic&quot;}\">\n\t\t\t\t<div class=\"elementor-element elementor-element-470d324c elementor-widget elementor-widget-heading\" data-id=\"470d324c\" data-element_type=\"widget\" data-e-type=\"widget\" data-widget_type=\"heading.default\">\n\t\t\t\t<div class=\"elementor-widget-container\">\n\t\t\t\t\t<h2 class=\"elementor-heading-title elementor-size-default\">SCHMIDT TIEF- UND STRASSENBAU<br><b>KONTAKT &amp; IMPRESSUM<\/b><\/h2>\t\t\t\t<\/div>\n\t\t\t\t<\/div>\n\t\t\t\t<\/div>\n\t\t\t\t\t<\/div>\n\t\t\t\t<\/div>\n\t\t<div class=\"elementor-element elementor-element-658460b0 e-con-full e-flex e-con e-parent\" data-id=\"658460b0\" data-element_type=\"container\" data-e-type=\"container\">\n\t\t<div class=\"elementor-element elementor-element-5878ea33 e-con-full e-flex e-con e-child\" data-id=\"5878ea33\" data-element_type=\"container\" data-e-type=\"container\" data-settings=\"{&quot;background_background&quot;:&quot;classic&quot;}\">\n\t\t\t\t<div class=\"elementor-element elementor-element-5b0e8b1b elementor-widget elementor-widget-heading\" data-id=\"5b0e8b1b\" data-element_type=\"widget\" data-e-type=\"widget\" data-widget_type=\"heading.default\">\n\t\t\t\t<div class=\"elementor-widget-container\">\n\t\t\t\t\t<h2 class=\"elementor-heading-title elementor-size-default\"><b>KONTAKT<\/b><\/h2>\t\t\t\t<\/div>\n\t\t\t\t<\/div>\n\t\t\t\t<div class=\"elementor-element elementor-element-59c8b02f elementor-widget elementor-widget-text-editor\" data-id=\"59c8b02f\" data-element_type=\"widget\" data-e-type=\"widget\" data-widget_type=\"text-editor.default\">\n\t\t\t\t<div class=\"elementor-widget-container\">\n\t\t\t\t\t\t\t\t\t<p><strong>Schmidt Tief- und Stra\u00dfenbau<\/strong><\/p><p>Gr\u00fcner Weg 76<br \/>24635 Rickling<br \/><a title=\"Route via Google Maps berechnen\" href=\"https:\/\/www.google.com\/maps\/dir\/\/Am+Kiesberg+18,+24635+Rickling\/\" target=\"_blank\" rel=\"noopener\">Route berechnen<\/a><\/p><p><a href=\"tel:+4915202579570\"><em class=\"icofont-phone-circle\">\u2002<\/em>\u00a001520 \/ 257 957 0*<\/a><br \/><a href=\"mailto:info@schmidt-strassenbau.de\"><em class=\"icofont-ui-email\">\u2002<\/em>\u00a0info@schmidt-strassenbau.de<\/a><\/p>\t\t\t\t\t\t\t\t<\/div>\n\t\t\t\t<\/div>\n\t\t\t\t<\/div>\n\t\t<div class=\"elementor-element elementor-element-672595b0 e-con-full e-flex e-con e-child\" data-id=\"672595b0\" data-element_type=\"container\" data-e-type=\"container\" data-settings=\"{&quot;background_background&quot;:&quot;classic&quot;}\">\n\t\t\t\t<\/div>\n\t\t\t\t<\/div>\n\t\t<div class=\"elementor-element elementor-element-43e97101 e-con-full e-flex e-con e-parent\" data-id=\"43e97101\" data-element_type=\"container\" data-e-type=\"container\">\n\t\t<div class=\"elementor-element elementor-element-73edcbae e-con-full e-flex e-con e-child\" data-id=\"73edcbae\" data-element_type=\"container\" data-e-type=\"container\" data-settings=\"{&quot;background_background&quot;:&quot;classic&quot;}\">\n\t\t\t\t<\/div>\n\t\t<div class=\"elementor-element elementor-element-49822350 e-con-full e-flex e-con e-child\" data-id=\"49822350\" data-element_type=\"container\" data-e-type=\"container\" data-settings=\"{&quot;background_background&quot;:&quot;classic&quot;}\">\n\t\t\t\t<div class=\"elementor-element elementor-element-6fd5a5e7 elementor-widget elementor-widget-heading\" data-id=\"6fd5a5e7\" data-element_type=\"widget\" data-e-type=\"widget\" data-widget_type=\"heading.default\">\n\t\t\t\t<div class=\"elementor-widget-container\">\n\t\t\t\t\t<h2 class=\"elementor-heading-title elementor-size-default\"><b>IMPRESSUM<\/b><\/h2>\t\t\t\t<\/div>\n\t\t\t\t<\/div>\n\t\t\t\t<div class=\"elementor-element elementor-element-2ed3f684 elementor-widget elementor-widget-text-editor\" data-id=\"2ed3f684\" data-element_type=\"widget\" data-e-type=\"widget\" data-widget_type=\"text-editor.default\">\n\t\t\t\t<div class=\"elementor-widget-container\">\n\t\t\t\t\t\t\t\t\t<p><strong>Inhaber:<\/strong>\u00a0Eike Oliver Schmidt<br \/><strong>Steuernummer:<\/strong>\u00a011\/179\/05512<br \/>Finanzamt Bad Segeberg<\/p><p><strong>Verantwortlich f\u00fcr den Inhalt:<\/strong>\u00a0Eike Oliver Schmidt<\/p><p>Wir \u00fcbernehmen keine Gew\u00e4hr f\u00fcr die Aktualit\u00e4t, Korrektheit, Vollst\u00e4ndigkeit und \/ oder Qualit\u00e4t der Informationen.<\/p><p>Trotz sorgf\u00e4ltiger inhaltlicher Kontrolle \u00fcbernehmen wir keine Haftung f\u00fcr die Inhalte externer Links. F\u00fcr den Inhalt der verlinkten Seiten sind ausschlie\u00dflich deren Betreiber verantwortlich.<\/p>\t\t\t\t\t\t\t\t<\/div>\n\t\t\t\t<\/div>\n\t\t\t\t<\/div>\n\t\t\t\t<\/div>\n\t\t<div class=\"elementor-element elementor-element-7350c4fc e-flex e-con-boxed e-con e-parent\" data-id=\"7350c4fc\" data-element_type=\"container\" data-e-type=\"container\">\n\t\t\t\t\t<div class=\"e-con-inner\">\n\t\t<div class=\"elementor-element elementor-element-6fa22d77 e-con-full e-flex e-con e-child\" data-id=\"6fa22d77\" data-element_type=\"container\" data-e-type=\"container\" data-settings=\"{&quot;background_background&quot;:&quot;classic&quot;}\">\n\t\t\t\t<div class=\"elementor-element elementor-element-3a7a20b9 elementor-widget elementor-widget-heading\" data-id=\"3a7a20b9\" data-element_type=\"widget\" data-e-type=\"widget\" data-widget_type=\"heading.default\">\n\t\t\t\t<div class=\"elementor-widget-container\">\n\t\t\t\t\t<h2 class=\"elementor-heading-title elementor-size-default\"><b>DATENSCHUTZERKL\u00c4RUNG<\/b><\/h2>\t\t\t\t<\/div>\n\t\t\t\t<\/div>\n\t\t\t\t<div class=\"elementor-element elementor-element-1d5543e elementor-widget elementor-widget-text-editor\" data-id=\"1d5543e\" data-element_type=\"widget\" data-e-type=\"widget\" data-widget_type=\"text-editor.default\">\n\t\t\t\t<div class=\"elementor-widget-container\">\n\t\t\t\t\t\t\t\t\t<p><strong>PERSONENBEZOGENE DATEN<\/strong><\/p><p>An manchen Stellen unseres Internetangebots werden Sie in Formularen aufgefordert, personenbezogene Daten einzugeben (zum Beispiel in Kontaktformularen oder Bestellformularen). Diese Informationen ben\u00f6tigen wir, um Ihrem jeweiligen Wunsch nachzukommen. Es unterliegt Ihrer freien Entscheidung, ob Sie diese Daten eingeben.<\/p><p>Ihre personenbezogenen Daten werden nicht mit anderen Daten verkn\u00fcpft oder abgeglichen, sondern nur zu dem von Ihnen gew\u00fcnschten Zweck verwendet. Wenn eine Speicherung zur Erbringung des gew\u00fcnschten Zwecks notwendig ist, werden Ihre Angaben auf besonders gesch\u00fctzten Servern abgelegt. Eine Speicherung der Daten \u00fcber den Zeitrahmen des gew\u00fcnschten Dienstes hinaus erfolgt nicht.<\/p><p><strong>WEITERGABE PERSONENBEZOGENER DATEN<\/strong><\/p><p>Daten, die beim Zugriff auf unser Internetangebot protokolliert worden sind, werden an Dritte au\u00dferhalb unseres Unternehmens nur \u00fcbermittelt, soweit wir gesetzlich oder durch Gerichtsentscheidung dazu verpflichtet sind oder die Weitergabe im Falle von Angriffen auf die Internetinfrastruktur der Landesregierung zur Rechts- oder Strafverfolgung erforderlich ist. Eine Weitergabe zu anderen nichtkommerziellen oder zu kommerziellen Zwecken erfolgt nicht.<\/p><p>Die von Ihnen eingegebenen pers\u00f6nlichen Informationen verwenden wir nur zu dem von Ihnen gew\u00fcnschten Zweck und nur innerhalb unseres Unternehmens. Eine \u00dcbermittlung an Dritte zu anderen Zwecken erfolgt nicht.<\/p><p><strong>HINWEISE ZUM EINSATZ VON COOKIES<\/strong><\/p><p>Ein Cookie ist eine Textdatei, die von dem Server unseres Internetauftritts erzeugt und an den Internetbrowser des Nutzers geschickt wird. Bestimmte Funktionen im Internetangebot unseres Unternehmens setzen Session-Cookies ein (zum Beispiel die Statistik PIWIK). Session-Cookies speichern eine Zahlenfolge zur Identifikation des Nutzers (ID). Der Webseiten-Server ben\u00f6tigt diese ID, beispielsweise um bereits ausgef\u00fcllte Formularfelder zu erhalten. Weitere Nutzungsdaten werden nicht erhoben. Das Session-Cookie verliert seine G\u00fcltigkeit mit dem Abschicken des Formulars, nach einer Ruhephase von vier Minuten oder mit dem Schlie\u00dfen des Internetbrowsers und wird automatisch gel\u00f6scht.<\/p><p><strong>EINSTELLUNGEN<\/strong><\/p><p>Die meisten Browser sind so eingestellt, dass sie Cookies automatisch akzeptieren. Sie k\u00f6nnen Ihren Browser so einstellen, dass Sie von Fall zu Fall \u00fcber die Annahme entscheiden oder auch die Annahme von Cookies grunds\u00e4tzlich ausschlie\u00dfen.<\/p><p><strong>AUSKUNFTS-, BERICHTIGUNGS- UND L\u00d6SCHUNGSRECHT<\/strong><\/p><p>Sie k\u00f6nnen von uns Auskunft dar\u00fcber verlangen, welche personenbezogenen Daten wir zu Ihrer Person gespeichert haben und was wir mit diesen Daten tun. Wenn Daten falsch erfasst wurden, haben Sie Anspruch darauf, dass sie berichtigt werden. Sie k\u00f6nnen auch verlangen, dass solche Daten gel\u00f6scht oder nur f\u00fcr bestimmte Zwecke verwendet werden d\u00fcrfen. Auf Ihren Wunsch hin stellen wir Ihnen die hier gespeicherten Daten auch zur Verf\u00fcgung oder \u00fcbermitteln sie an einen von Ihnen benannten Dritten.<\/p><p><strong>WIDERRUF DER EINWILLIGUNG<\/strong><\/p><p>Wenn wir personenbezogene Daten verarbeiten, weil sie uns ausdr\u00fccklich die Einwilligung dazu erteilt haben, k\u00f6nnen Sie diese Einwilligung jederzeit widerrufen.<\/p><p><strong>BESCHWERDERECHT<\/strong><\/p><p>Sie k\u00f6nnen sich bei einer Aufsichtsbeh\u00f6rde beschweren. Die zust\u00e4ndige Aufsichtsbeh\u00f6rde ist das Unabh\u00e4ngige Landeszentrum f\u00fcr Datenschutz Schleswig-Holstein, Holstenstra\u00dfe 98, 24103 Kiel.<\/p>\t\t\t\t\t\t\t\t<\/div>\n\t\t\t\t<\/div>\n\t\t\t\t<\/div>\n\t\t\t\t\t<\/div>\n\t\t\t\t<\/div>\n\t\t\t\t<\/div>\n\t\t","protected":false},"excerpt":{"rendered":"<p>SCHMIDT TIEF- UND STRASSENBAUKONTAKT &amp; IMPRESSUM KONTAKT Schmidt Tief- und Stra\u00dfenbau Gr\u00fcner Weg 7624635 RicklingRoute berechnen \u2002\u00a001520 \/ 257 957 0*\u2002\u00a0info@schmidt-strassenbau.de IMPRESSUM Inhaber:\u00a0Eike Oliver SchmidtSteuernummer:\u00a011\/179\/05512Finanzamt Bad Segeberg Verantwortlich f\u00fcr den Inhalt:\u00a0Eike Oliver Schmidt Wir \u00fcbernehmen keine Gew\u00e4hr f\u00fcr die Aktualit\u00e4t, Korrektheit, Vollst\u00e4ndigkeit und \/ oder Qualit\u00e4t der Informationen. Trotz sorgf\u00e4ltiger inhaltlicher Kontrolle \u00fcbernehmen wir keine [&hellip;]<\/p>\n","protected":false},"author":1,"featured_media":0,"parent":0,"menu_order":0,"comment_status":"closed","ping_status":"closed","template":"elementor_header_footer","meta":{"footnotes":""},"class_list":["post-80","page","type-page","status-publish","hentry"],"_links":{"self":[{"href":"https:\/\/schmidt-strassenbau.de\/index.php?rest_route=\/wp\/v2\/pages\/80","targetHints":{"allow":["GET"]}}],"collection":[{"href":"https:\/\/schmidt-strassenbau.de\/index.php?rest_route=\/wp\/v2\/pages"}],"about":[{"href":"https:\/\/schmidt-strassenbau.de\/index.php?rest_route=\/wp\/v2\/types\/page"}],"author":[{"embeddable":true,"href":"https:\/\/schmidt-strassenbau.de\/index.php?rest_route=\/wp\/v2\/users\/1"}],"replies":[{"embeddable":true,"href":"https:\/\/schmidt-strassenbau.de\/index.php?rest_route=%2Fwp%2Fv2%2Fcomments&post=80"}],"version-history":[{"count":10,"href":"https:\/\/schmidt-strassenbau.de\/index.php?rest_route=\/wp\/v2\/pages\/80\/revisions"}],"predecessor-version":[{"id":368,"href":"https:\/\/schmidt-strassenbau.de\/index.php?rest_route=\/wp\/v2\/pages\/80\/revisions\/368"}],"wp:attachment":[{"href":"https:\/\/schmidt-strassenbau.de\/index.php?rest_route=%2Fwp%2Fv2%2Fmedia&parent=80"}],"curies":[{"name":"wp","href":"https:\/\/api.w.org\/{rel}","templated":true}]}}